 f(r). Calculate g(-4).
2
Suppose 19 = t + 3*g, -3*g = -4*t + 2*g + 8. Let s(u) = -6*u**2 - u**3 + 0 - 2*u + 4*u**2 - t - 4*u**2. Give s(-6).
5
Let a(x) = 8*x - 74. Let p be a(10). Suppose 2*t - 8 = 2*y, -4 = 5*t - 3*y + p*y. Let m(h) = -24*h**3 - h**2 + h. What is m(t)?
-24
Let v(y) = 6*y**2 + 84*y - 5. Let z be v(-14). Let a(d) = -d**2 - 6*d + 2. Give a(z).
7
Suppose 3*q = 2*q + 5*f + 15, -4*f - 1 = -3*q. Let x(b) = b**3 + 5*b**2 + 3*b + 2. What is x(q)?
-13
Let u(d) = -d - 14. Let r(k) = 3*k + 42. Let y(l) = -6*r(l) - 17*u(l). Let j = -28 - -22. What is y(j)?
-8
Let r(k) = -7*k - 5. Let g(x) = x**2 - 17*x + 40. Let m be g(16). Let w(j) = j - 28. Let q be w(m). Determine r(q).
23
Let d(l) = l**3 - 4*l**2 - 10*l + 7. Let u be 1/(-2)*-2 - (-385)/77. Calculate d(u).
19
Let l(g) = -7*g - 10. Let u(j) = 13*j + 20. Let v(n) = -11*l(n) - 6*u(n). Determine v(-6).
-4
Let m(q) = 5*q - 34. Let b be m(8). Let p(t) = 2*t**2 + t + 0*t - t**2 - b. Determine p(-6).
24
Let p(h) = 3*h - 7 + 3 - h. Let j(g) = 4*g + g**2 + 1 - 7 + 12. Let q be j(-4). What is p(q)?
8
Let r = 21 + -19. Suppose 0 = -5*d - 3*p + 35, 2*p - 2 = -0*d + r*d. Let k(z) = z - 1. Determine k(d).
3
Suppose 2*f + 3*x = 3*f - 17, -4*f = 3*x - 8. Let h(w) = 11*w - f - 25*w + 13*w + 4. Let k(m) = -m - 7. Let d be k(0). What is h(d)?
6
Let d be 0 + (-4)/(-2) + 2. Suppose 2*c + 5 = c. Let n(s) = 2*s + 1. Let q(a) = 2*a + 1. Let u(i) = c*q(i) + d*n(i). Calculate u(-6).
11
Let v be (0/(-2 + 0))/(-1). Let y = -46 + 58. Let o(l) = -12*l**2 + 1 + l**2 + y*l**2. What is o(v)?
1
Let f(w) be the third derivative of 0*w + 1/60*w**5 + 7/6*w**3 - 7*w**2 + 0 + 7/24*w**4. Calculate f(-6).
1
Let i(l) be the second derivative of -l**4/12 + l**3/6 + l**2/2 - 579*l. Suppose 4*x - 2*c - 16 = -0, -5*x = -3*c - 22. What is i(x)?
-1
Let z(i) be the first derivative of i**4/4 + 7*i**3/3 + 5*i**2/2 + 9*i - 25. Give z(-6).
15
Let x be ((-4)/(-10))/((-1)/(-15)). Let n(k) be the second derivative of -k**4/12 + 2*k**3/3 + 3*k**2 + 2*k - 2077. Determine n(x).
-6
Suppose 0 = 52*c - 53*c - 3*r, 4*r = 4. Let p(a) = -a + 12. Let m(k) = 3. Let w be (2 + 26/(-4))*-2. Let v(i) = w*m(i) - 2*p(i). Determine v(c).
-3
Let d(j) = 3*j. Suppose 7*x = 2*x + 20. Let a(i) = -i. Let q(r) = x*d(r) + 11*a(r). Determine q(0).
0
Let i(h) = 361*h**2 - 364*h**2 - h**3 + 0*h**3. What is i(-2)?
-4
Let z(t) = -2*t**3 + 2*t**2 - 2*t + 2. Let x = 315 + -224. Let q = 93 - x. What is z(q)?
-10
Let t(i) = -i**3 - 9*i**2 + 11*i + 7. Let y = 20 + -30. Give t(y).
-3
Let y(t) = -t**3 + 4*t - 3. Let v(g) be the first derivative of g**2/2 - 4*g - 6. Let s be v(6). Let f be (3 - s) + 1 + 0. Give y(f).
-3
Let g(h) = h**2 + 18*h + 3. Let u(n) = -n**2 - 21*n - 2. Let x(k) = 4*g(k) + 3*u(k). Give x(-7).
-8
Let s(r) = -r**2 + 17*r - 31. Let o be ((-975)/(-130))/(1/2). Give s(o).
-1
Let c(x) = 4*x**3 - 2*x**2 + 2*x + 31. Let k(p) = p**3 - p**2 + p - 1. Let m(z) = c(z) - 3*k(z). Determine m(0).
34
Let u(i) = 141*i + 10 - 151*i - 1. Let n(a) = a - 1. Let r(w) = 6*n(w) + u(w). Determine r(2).
-5
Let q(l) = 1581*l**2 + 3*l**3 + l - 1582*l**2 - 2*l**3. Calculate q(1).
1
Let z(w) = w + 20. Let b(u) = -6. Let m(f) = 2*b(f) + z(f). Give m(-3).
5
Suppose 2*c - 2*h = 14, -5*c + 6 = 4*h - 2. Let i(k) = k**3 - 4*k**2 + k - 2. What is i(c)?
2
Let g(y) = y**2 - 8*y - 3. Let b = 10 - 1. Let l be g(b). Let r(h) = 4 + 3 - h + l - 3. Calculate r(0).
10
Suppose 3*i = -s - 9, -5*s + 3 = -2*i - 3. Let p(d) = -3*d - 13. What is p(i)?
-4
Let j(k) = -2*k + 6. Let p(i) be the third derivative of -i**4/24 + i**3/2 + 38*i**2. Let a(y) = 3*j(y) - 5*p(y). Give a(5).
-2
Let v(z) = z. Let t(a) = 4*a + 1. Let w(l) = t(l) + 5*v(l). Let g = 1589 + -1590. What is w(g)?
-8
Let a(x) = -x**2 + 14. Let m = 19 + -19. Let i be a(m). Suppose -5*o + 4 = i. Let b(c) = -c**3 - 2*c**2 + 2*c + 1. What is b(o)?
-3
Let k(u) be the first derivative of -1 - 3/2*u**2 + 0*u. Suppose -4*y + 29 = -5*i, 3*i + 7 = -8. Give k(y).
-3
Let n(k) be the third derivative of k**4/6 - k**3/3 - 14*k**2 + 2*k. Give n(-2).
-10
Let g(l) = 6 - 33*l + 29*l + l**2 - 19. Calculate g(6).
-1
Suppose 2*o - 7*o - 20 = 0. Let g(j) = j**3 + 5*j**2 + 7*j + 7. Let y be g(o). Let c(d) = d**2 + 2*d - 6. Give c(y).
9
Suppose -i + 6 = -5*s, 5*s + 7 = 2*i - 0. Let m(z) = 3*z**3 - 6*z**2 + 7*z + 6. Let o(j) = j**2 - j - 1. Let d(b) = i*m(b) + 6*o(b). Calculate d(-1).
-4
Suppose 111*u - 144*u = -132. Let g(k) = -4*k. What is g(u)?
-16
Let q(a) be the first derivative of 3*a + 20 - a**2 + 2/3*a**3. Give q(2).
7
Let y(l) = -2*l + l**2 - 1 - 2*l**2 + 0*l. Let z(f) = 2*f + 5. Suppose -2*g = 4*k - 7*k, 0 = 4*g - 5*k + 2. Let i be z(g). Determine y(i).
0
Suppose n - 5*t = -8, -5*n = 3*t - 2*t - 12. Suppose 4*b - n*b + 5*p = 11, -4*p + 4 = 4*b. Let j(q) = 4*q**2 + 2*q + 3. Give j(b).
15
Let m(p) = 7 + 21*p + 2 - 3*p - 8. Determine m(1).
19
Suppose -5*o + 3 = -2. Suppose 0 = x - 5 - o. Suppose 3*v = -0 - x. Let l(z) = 4*z**2 + z. What is l(v)?
14
Let v(g) = g**2 - 3*g - 5. Let x = -245 + 251. Give v(x).
13
Let x(j) = j**3 - 7*j**2 + 7*j + 1. Suppose 0 = 3*o + 10 - 22. Suppose -5*i + 3*s = -42, 0 + 4 = o*i + 5*s. Calculate x(i).
7
Suppose 5*m - 116 = 4*m + 4*k, -280 = -2*m - 4*k. Let d be 4/22 - 5040/m. Let g be 10/30 - d/(-6). Let p(l) = l**3 + 7*l**2 + 7*l + 2. Give p(g).
-4
Let x(r) = 2*r + 2. Let z(b) = -2*b - 7. Let a(w) = 1. Let i(h) = -6*a(h) - z(h). Let l(s) = 4*i(s) - 3*x(s). Determine l(4).
6
Let n = 10 + -5. Suppose -2*g = -n*g + 9. Let c(a) = 0 - 1 - a**2 + 22*a**3 - 24*a**g - a. Calculate c(-1).
1
Let b(f) = 2*f. Let w(k) = -16*k**2 - 10*k + 1. Let a(y) = 5*b(y) + w(y). What is a(-1)?
-15
Let y(g) = 2*g**2 + 4003 + 0*g**3 + 2*g**3 - 4007 - 3*g**3 - 5*g + 5*g**2. Calculate y(6).
2
Suppose 32*v = 30*v + 8. Suppose -v*u + 3*l = -u + 21, -u - 2*l + 5 = 0. Let q(p) = -p + 2. What is q(u)?
5
Let i(c) = 5*c**2 + 5*c + 12. Let q(z) = -z**2 + z - 2. Let b(o) = -i(o) - 4*q(o). Give b(-6).
14
Suppose 72 - 4 = 4*i. Suppose -3 = 4*t + i. Let z(b) = b**3 + 5*b**2 - 4*b - 7. Determine z(t).
13
Let d(c) = -4*c**3 + 6*c. Let r(u) = u**3 - u + 1. Suppose -3*h = h. Suppose 3*i = -h*p + 3*p + 12, -5*i + 30 = 5*p. Let b(y) = i*r(y) + d(y). Calculate b(0).
5
Let p(i) be the third derivative of -i**6/120 + i**5/60 + i**3/3 + 4*i**2. Let t(r) = r - 8. Let y be t(4). Let n be 5 + y/(-4)*-3. Calculate p(n).
-2
Let r = -3784 - -3773. Let i(o) = -o**3 - o**2 - o. Let z(p) = 6*p**3 + 17*p**2 + 16*p - 2. Let m(g) = -5*i(g) - z(g). What is m(r)?
2
Let f(j) = -j**3 + 16*j**2 - 16*j + 8. Let c = -59 - -74. Determine f(c).
-7
Suppose 4*b + 21 = 1. Let c(a) = 5*a**2 - 17*a + 1. Let m(h) = -2*h**2 + 8*h. Let y(j) = -3*c(j) - 7*m(j). Give y(b).
-3
Let m(s) = 3*s + 2 - s + 18*s**2 - s**3 - 11*s**2. Let u be (-34)/(-5) + (-1)/(-5). Determine m(u).
16
Let i(s) = s**3 - 5*s + 2*s - s + 35 - 3*s**2 - 32. Let c be i(4). Let j(o) = -o**2 + 2*o. Calculate j(c).
-3
Let l(t) = 16*t - 13. Let m be l(2). Let z(n) be the first derivative of 1/3*n**3 + 5 - m*n + 1/2*n**2. Give z(0).
-19
Let m = 45 - 41. Let a(r) = -r**2 + 2*r - 5. What is a(m)?
-13
Suppose 0 = 4*w + 4*c - c - 20, 0 = 5*w - 2*c - 25. Suppose -w*z + 12 = z. Let k(b) = b**3 - 3*b**2 + 4*b - 2. Determine k(z).
2
Let h(s) = 2*s**2 + 15*s - 5. Let o be h(-8). Let f(d) be the first derivative of -1 + 1/2*d**2 - d. Determine f(o).
2
Let o be (-58)/(-8) - (-6)/(-24). Let n = o - 5. Let u be n - (-10)/(-6)*3. Let d(i) = i**2 - i - 4. What is d(u)?
8
Let v(q) = 2 - 2 + 10*q - q**2 - 9*q. Let c be -2 - (-2)/3 - 38/(-6). What is v(c)?
-20
Let k(m) = m**2 + m - 5. Let h(z) = -2*z - 4. Let j be h(-4). Let o be j/(-1) + 4 + 4. Give k(o).
15
Let m(f) be the second derivative of f**5/15 + f**3/6 - 17*f**2/2 - 4*f. Let x(i) be the first derivative of m(i). Give x(1).
5
Let z(y) = 9*y**2 + y + 1. Let r be 48/40*40/6. Suppose 2*x + 3*s + r = -3, 3*x + 4*s = -15. What is z(x)?
9
Let n = 12692 - 12690. Let b(q) = q**3 + 6*q - 4. Let c(w) = -3*w**3 - 17*w + 11. Let o(a) = 17*b(a) + 6*c(a). What is o(n)?
-10
Let y(u) = -9*u**2. Let o be y(-1). Let r(c) = 267 + 2*c - 512 + 256. Calculate r(o).
-7
Let o(f) = -10*f. Suppose 5*t - 4*h - 65 = 0, -2*t + 5*h + 28 = 2. Let a(g) = -g**3 - 3*g**2 + 4*g. Let s be a(-3). Let b = t + s. Give o(b).
-10
Let i be (36/(-